 67091 is divided by 1481.
446
What is the remainder when 921 is divided by 47?
28
Calculate the remainder when 7806 is divided by 3610.
586
What is the remainder when 11302 is divided by 123?
109
Calculate the remainder when 18735 is divided by 325.
210
Calculate the remainder when 8258 is divided by 92.
70
Calculate the remainder when 1000 is divided by 180.
100
What is the remainder when 2869 is divided by 2332?
537
What is the remainder when 8221 is divided by 760?
621
What is the remainder when 13339 is divided by 952?
11
What is the remainder when 233453 is divided by 465?
23
What is the remainder when 33094 is divided by 67?
63
What is the remainder when 3188 is divided by 20?
8
What is the remainder when 24684 is divided by 11?
0
Calculate the remainder when 8216 is divided by 1642.
6
Calculate the remainder when 6775 is divided by 308.
307
What is the remainder when 112182 is divided by 342?
6
What is the remainder when 48688 is divided by 9?
7
What is the remainder when 9574 is divided by 4778?
18
What is the remainder when 433399 is divided by 100?
99
Calculate the remainder when 1399 is divided by 447.
58
What is the remainder when 13351 is divided by 4279?
514
What is the remainder when 505 is divided by 209?
87
Calculate the remainder when 5914 is divided by 268.
18
Calculate the remainder when 18372 is divided by 3061.
6
Calculate the remainder when 37921 is divided by 86.
81
What is the remainder when 4825 is divided by 155?
20
Calculate the remainder when 1358 is divided by 40.
38
Calculate the remainder when 2823 is divided by 933.
24
Calculate the remainder when 6940 is divided by 4774.
2166
What is the remainder when 32395 is divided by 898?
67
What is the remainder when 1370 is divided by 1231?
139
What is the remainder when 88738 is divided by 52?
26
Calculate the remainder when 742848 is divided by 69.
63
Calculate the remainder when 506 is divided by 225.
56
Calculate the remainder when 20874 is divided by 174.
168
What is the remainder when 35848 is divided by 11765?
553
Calculate the remainder when 444596 is divided by 75.
71
Calculate the remainder when 2733 is divided by 1342.
49
What is the remainder when 1637 is divided by 539?
20
What is the remainder when 20853 is divided by 237?
234
Calculate the remainder when 1072 is divided by 567.
505
What is the remainder when 5924 is divided by 38?
34
Calculate the remainder when 21978 is divided by 5178.
1266
What is the remainder when 895 is divided by 78?
37
Calculate the remainder when 3335 is divided by 420.
395
What is the remainder when 5867 is divided by 1459?
31
What is the remainder when 9029 is divided by 2929?
242
What is the remainder when 3463 is divided by 84?
19
Calculate the remainder when 1326 is divided by 31.
24
What is the remainder when 150921 is divided by 59?
58
What is the remainder when 461774 is divided by 496?
494
What is the remainder when 2232 is divided by 555?
12
What is the remainder when 121192 is divided by 121172?
20
What is the remainder when 4365 is divided by 108?
45
What is the remainder when 58600 is divided by 7325?
0
What is the remainder when 2897 is divided by 301?
188
Calculate the remainder when 17925 is divided by 17700.
225
What is the remainder when 131875 is divided by 21978?
7
Calculate the remainder when 4656 is divided by 69.
33
What is the remainder when 298284 is divided by 1179?
1176
What is the remainder when 10580 is divided by 879?
32
Calculate the remainder when 317781 is divided by 110.
101
Calculate the remainder when 3107 is divided by 183.
179
What is the remainder when 10766 is divided by 23?
2
What is the remainder when 1348615 is divided by 30?
25
What is the remainder when 2843 is divided by 151?
125
What is the remainder when 10897 is divided by 3629?
10
Calculate the remainder when 17948 is divided by 26.
8
What is the remainder when 261 is divided by 23?
8
What is the remainder when 86179 is divided by 324?
319
What is the remainder when 1829 is divided by 20?
9
Calculate the remainder when 146989 is divided by 108.
1
What is the remainder when 2545 is divided by 368?
337
Calculate the remainder when 157422 is divided by 25.
22
What is the remainder when 8095 is divided by 4041?
13
Calculate the remainder when 1534 is divided by 164.
58
Calculate the remainder when 7321 is divided by 70.
41
What is the remainder when 2378 is divided by 408?
338
What is the remainder when 37083 is divided by 618?
3
What is the remainder when 109380 is divided by 1736?
12
What is the remainder when 13324 is divided by 14?
10
Calculate the remainder when 15642 is divided by 435.
417
What is the remainder when 21316 is divided by 10594?
128
Calculate the remainder when 5739 is divided by 1118.
149
What is the remainder when 814670 is divided by 1095?
1085
What is the remainder when 13137 is divided by 13118?
19
Calculate the remainder when 7040 is divided by 19.
10
Calculate the remainder when 17370 is divided by 35.
10
What is the remainder when 937 is divided by 892?
45
Calculate the remainder when 5103 is divided by 1686.
45
What is the remainder when 3928 is divided by 195?
28
Calculate the remainder when 64450 is divided by 539.
309
What is the remainder when 5652 is divided by 67?
24
What is the remainder when 9585 is divided by 3185?
30
What is the remainder when 121824 is divided by 255?
189
What is the remainder when 381 is divided by 317?
64
What is the remainder when 61428 is divided by 61416?
12
What is the remainder when 343245 is divided by 10?
5
Calculate the remainder when 152442 is divided by 15.
12
What is the remainder when 86278 is divided by 40?
38
What is the remainder when 12435 is divided by 1?
0
What is the remainder when 50969 is divided by 7279?
16
Calculate the remainder when 1549 is divided by 417.
298
What is the remainder when 91916 is divided by 766?
762
What is the remainder when 3165692 is divided by 5?
2
Calculate the remainder when 47914 is divided by 2395.
14
What is the remainder when 96568 is divided by 185?
183
Calculate the remainder when 11333 is divided by 3542.
707
Calculate the remainder when 18529 is divided by 96.
1
Calculate the remainder when 34715 is divided by 4335.
35
Calculate the remainder when 1516 is divided by 507.
502
What is the remainder when 1936 is divided by 6?
4
What is the remainder when 7689 is divided by 2097?
1398
What is the remainder when 374105 is divided by 14?
11
What is the remainder when 3981 is divided by 989?
25
Calculate the remainder when 26575 is divided by 20.
15
What is the remainder when 111334 is divided by 15?
4
Calculate the remainder when 9668 is divided by 176.
164
What is the remainder when 10914 is divided by 3597?
123
What is the remainder when 29421 is divided by 94?
93
What is the remainder when 53068 is divided by 185?
158
What is the remainder when 34967 is divided by 12?
11
What is the remainder when 62545 is divided by 8935?
0
What is the remainder when 474903 is divided by 46?
45
Calculate the remainder when 13261 is divided by 1104.
13
What is the remainder when 3911288 is divided by 51?
47
Calculate the remainder when 25137 is divided by 23.
21
What is the remainder when 3109 is divided by 717?
241
What is the remainder when 476000 is divided by 19?
12
What is the remainder when 13502 is divided by 6740?
22
What is the remainder when 9870 is divided by 1974?
0
Calculate the remainder when 16553 is divided by 8094.
365
What is the remainder when 11009 is divided by 2752?
1
Calculate the remainder when 26718 is divided by 13356.
6
Calculate the remainder when 14080 is divided by 227.
6
What is the remainder when 5356 is divided by 42?
22
Calculate the remainder when 7771 is divided by 2442.
445
Calculate the remainder when 577709 is divided by 262.
261
Calculate the remainder when 2859 is divided by 72.
51
Calculate the remainder when 143205 is divided by 13.
10
What is the remainder when 2522 is divided by 61?
21
What is the remainder when 640401 is divided by 9?
6
Calculate the remainder when 317479 is divided by 1351.
1345
Calculate the remainder when 863050 is divided by 287680.
10
What is the remainder when 3327 is divided by 483?
429
Calculate the remainder when 21812 is divided by 991.
10
What is the remainder whe